y 32.
18
Calculate the remainder when 1571 is divided by 75.
71
What is the remainder when 3911 is divided by 302?
287
Calculate the remainder when 218064 is divided by 36343.
6
Calculate the remainder when 359218 is divided by 48.
34
What is the remainder when 29079 is divided by 939?
909
Calculate the remainder when 3532 is divided by 1188.
1156
Calculate the remainder when 5110 is divided by 93.
88
What is the remainder when 3790 is divided by 1311?
1168
Calculate the remainder when 501 is divided by 252.
249
Calculate the remainder when 15807 is divided by 2628.
39
What is the remainder when 8108 is divided by 1345?
38
What is the remainder when 163498 is divided by 7?
6
What is the remainder when 13168 is divided by 140?
8
Calculate the remainder when 69324 is divided by 1136.
28
What is the remainder when 2942 is divided by 2933?
9
What is the remainder when 1141170 is divided by 62?
60
Calculate the remainder when 931 is divided by 107.
75
Calculate the remainder when 99999 is divided by 207.
18
Calculate the remainder when 55569 is divided by 529.
24
Calculate the remainder when 420 is divided by 174.
72
Calculate the remainder when 9677 is divided by 1377.
38
Calculate the remainder when 13452 is divided by 14.
12
What is the remainder when 10197 is divided by 252?
117
Calculate the remainder when 47692 is divided by 22.
18
What is the remainder when 26133 is divided by 13062?
9
What is the remainder when 34372 is divided by 2863?
16
Calculate the remainder when 844 is divided by 229.
157
Calculate the remainder when 144303 is divided by 206.
103
Calculate the remainder when 147209 is divided by 11.
7
What is the remainder when 213542 is divided by 372?
14
Calculate the remainder when 1087211 is divided by 49.
48
Calculate the remainder when 1357496 is divided by 37708.
8
Calculate the remainder when 380 is divided by 86.
36
What is the remainder when 10303 is divided by 2519?
227
What is the remainder when 24640 is divided by 127?
2
What is the remainder when 121794 is divided by 9368?
10
What is the remainder when 588 is divided by 564?
24
Calculate the remainder when 31004 is divided by 159.
158
What is the remainder when 158521 is divided by 21?
13
Calculate the remainder when 568434 is divided by 63.
48
What is the remainder when 692 is divided by 79?
60
Calculate the remainder when 44796 is divided by 22338.
120
What is the remainder when 1513478 is divided by 1337?
1331
What is the remainder when 343533 is divided by 24?
21
What is the remainder when 10068 is divided by 146?
140
What is the remainder when 154736 is divided by 181?
162
What is the remainder when 6331 is divided by 269?
144
Calculate the remainder when 17926 is divided by 42.
34
Calculate the remainder when 8663 is divided by 157.
28
What is the remainder when 35359 is divided by 9?
7
Calculate the remainder when 3154954 is divided by 966.
964
What is the remainder when 31267 is divided by 52?
15
What is the remainder when 7323 is divided by 280?
43
What is the remainder when 692665 is divided by 158?
151
What is the remainder when 68307 is divided by 33?
30
What is the remainder when 43406 is divided by 1734?
56
What is the remainder when 12399 is divided by 94?
85
Calculate the remainder when 86718 is divided by 735.
723
What is the remainder when 156357 is divided by 153?
144
Calculate the remainder when 7802 is divided by 3867.
68
What is the remainder when 1190 is divided by 592?
6
Calculate the remainder when 124383 is divided by 13.
12
What is the remainder when 24155 is divided by 27?
17
What is the remainder when 4302 is divided by 4298?
4
What is the remainder when 64733 is divided by 21571?
20
What is the remainder when 27961 is divided by 5528?
321
What is the remainder when 1494940 is divided by 1450?
1440
What is the remainder when 138266 is divided by 45?
26
What is the remainder when 10597 is divided by 465?
367
What is the remainder when 20992 is divided by 2161?
1543
What is the remainder when 290051 is divided by 879?
860
Calculate the remainder when 4279 is divided by 52.
15
Calculate the remainder when 8756 is divided by 16.
4
Calculate the remainder when 25441 is divided by 482.
377
Calculate the remainder when 14028 is divided by 738.
6
Calculate the remainder when 1585759 is divided by 901.
900
Calculate the remainder when 18956 is divided by 18955.
1
What is the remainder when 100010 is divided by 304?
298
What is the remainder when 16110 is divided by 766?
24
Calculate the remainder when 80676 is divided by 92.
84
What is the remainder when 2809 is divided by 339?
97
What is the remainder when 398950 is divided by 132980?
10
What is the remainder when 150371 is divided by 51?
23
What is the remainder when 2225 is divided by 667?
224
Calculate the remainder when 2312746 is divided by 306.
304
What is the remainder when 1787 is divided by 1315?
472
Calculate the remainder when 15434 is divided by 15.
14
What is the remainder when 8441 is divided by 285?
176
What is the remainder when 7358 is divided by 176?
142
Calculate the remainder when 259442 is divided by 821.
6
Calculate the remainder when 54277 is divided by 27132.
13
What is the remainder when 3380 is divided by 2455?
925
Calculate the remainder when 15131 is divided by 352.
347
What is the remainder when 2469927 is divided by 87?
84
What is the remainder when 215341 is divided by 753?
736
What is the remainder when 46813 is divided by 54?
49
Calculate the remainder when 1093 is divided by 431.
231
Calculate the remainder when 467520 is divided by 869.
867
Calculate the remainder when 8697 is divided by 70.
17
Calculate the remainder when 673178 is divided by 96168.
2
What is the remainder when 753 is divided by 360?
33
Calculate the remainder when 4100 is divided by 46.
6
What is the remainder when 229909 is divided by 87?
55
What is the remainder when 334832 is divided by 167408?
16
What is the remainder when 223 is divided by 168?
55
What is the remainder when 30278 is divided by 10060?
98
What is the remainder when 3956 is divided by 222?
182
What is the remainder when 27531 is divided by 49?
42
What is the remainder when 38239 is divided by 21?
19
Calculate the remainder when 21062 is divided by 92.
86
Calculate the remainder when 8591 is divided by 841.
181
What is the remainder when 17850 is divided by 1784?
10
Calculate the remainder when 1999 is divided by 244.
47
What is the remainder when 71850 is divided by 242?
218
What is the remainder when 11050 is divided by 90?
70
Calculate the remainder when 10387 is divided by 80.
67
What is the remainder when 11263 is divided by 490?
483
Calculate the remainder when 317666 is divided by 27.
11
Calculate the remainder when 109062 is divided by 14.
2
Calculate the remainder when 273745 is divided by 94.
17
Calculate the remainder when 571109 is divided by 279.
275
Calculate the remainder when 10823 is divided by 1526.
141
What is the remainder when 592187 is divided by 632?
3
Calculate the remainder when 1687 is divided by 843.
1
Calculate the remainder when 1879 is divided by 1876.
3
Calculate the remainder when 17830 is divided by 251.
9
What is the remainder when 300045 is divided by 142?
141
Calculate the remainder when 629784 is divided by 65.
64
What is the remainder when 2135 is divided by 87?
47
What is the remainder when 68 is divided by 64?
4
What is the remainder when 18069 is divided by 8555?
959
Calculate the remainder when 1504 is divided by 323.
212
What is the remainder when 1342 is divided by 386?
184
Calculate the remainder when 2404059 is divided by 1171.
1167
What is the remainder when 383710 is divided by 35?
5
Calculate the remainder when 26008 is divided by 153.
151
What is the remainder when 16213 is divided by 1473?
10
What is the remainder when 4592 is divided by 4537?
55
Calculate the remainder when 5265 is divided by 949.
520
Calculate the remainder when 10436 is divided by 71.
70
Calculate the remainder when 43871 is divided by 281.
35
What is the remainder when 511505 is divided by 115?
100
Calculate the remainder when 168259 is divided by 119.
112
Calculate the remainder when 34000 is divided by 46.
6
What is the remainder when 36459 is divided by 107?
79
What is the remainder when 4215 is divid